{"id":49,"date":"2020-08-17T19:07:00","date_gmt":"2020-08-17T17:07:00","guid":{"rendered":"http:\/\/les-ruches-de-la-limagne.ovh\/?page_id=49"},"modified":"2025-11-10T16:47:17","modified_gmt":"2025-11-10T15:47:17","slug":"nos-miels","status":"publish","type":"page","link":"https:\/\/les-ruches-de-la-limagne.ovh\/?page_id=49","title":{"rendered":"Nos Miels"},"content":{"rendered":"\n<p><\/p>\n\n\n\n<figure class=\"wp-block-image size-full\"><img loading=\"lazy\" decoding=\"async\" width=\"960\" height=\"720\" src=\"http:\/\/les-ruches-de-la-limagne.ovh\/wp-content\/uploads\/2022\/11\/medailler.jpg\" alt=\"\" class=\"wp-image-399\" srcset=\"https:\/\/les-ruches-de-la-limagne.ovh\/wp-content\/uploads\/2022\/11\/medailler.jpg 960w, https:\/\/les-ruches-de-la-limagne.ovh\/wp-content\/uploads\/2022\/11\/medailler-300x225.jpg 300w, https:\/\/les-ruches-de-la-limagne.ovh\/wp-content\/uploads\/2022\/11\/medailler-768x576.jpg 768w, https:\/\/les-ruches-de-la-limagne.ovh\/wp-content\/uploads\/2022\/11\/medailler-600x450.jpg 600w\" sizes=\"auto, (max-width: 960px) 100vw, 960px\" \/><\/figure>\n\n\n\n<p>Bonjour voici nos derniers \u00abcrus\u00bb de MIEL D&#8217;AUVERGNE.<\/p>\n\n\n\n<p>Il est r\u00e9colt\u00e9 localement en 2025 naturel, non chauff\u00e9.<\/p>\n\n\n\n<p>N&#8217;h\u00e9sitez pas \u00e0 nous contacter pour venir d\u00e9guster <img loading=\"lazy\" decoding=\"async\" alt=\"\ud83d\ude0a\" src=\"https:\/\/static.xx.fbcdn.net\/images\/emoji.php\/v9\/t7f\/1\/16\/1f60a.png\" width=\"16\" height=\"16\"><\/p>\n\n\n\n<ul class=\"wp-block-list\">\n<li>Tilleul (arri\u00e8re go\u00fbt menthol\u00e9) 17\u20ac\/Kg, 9\u20ac 500g, 5.5\u20ac 250g<\/li>\n\n\n\n<li>Acacia 2025(tr\u00e8s doux) 17e\/Kg, 9\u20ac 500g, 5.5\u20ac 250g<\/li>\n\n\n\n<li>Montagne (tr\u00e8s doux, tilleul, ronce, ch\u00e2taign\u00e9)15\u20ac\/Kg 8\u20ac 500g, 5\u20ac 250g<\/li>\n\n\n\n<li>Montagne FOREZ(tr\u00e8s doux, ronce, framboisier, fleurs de montagne )15\u20ac\/Kg<\/li>\n\n\n\n<li>Toutes fleurs d \u00e9t\u00e9 (\u00e9quilibr\u00e9) 14\u20ac\/Kg, 8\u20ac 500g, 5\u20ac 250g<\/li>\n\n\n\n<li>Tournesol (sucr\u00e9, agr\u00e9able) 14\u20ac\/Kg, 8\u20ac 500g, 5\u20ac 250g<\/li>\n\n\n\n<li>Miel de plaine (Sauge d\u2019Afghanistan, Perovskia) 14\u20ac\/Kg, 8\u20ac 500g, 5.5\u20ac 250g <\/li>\n\n\n\n<li>Miel Sapin du forez (L\u00e9g\u00e8rement cors\u00e9 ) 22\u20ac\/Kg, 12\u20ac 500g, 7\u20ac 250g<\/li>\n\n\n\n<li>Ch\u00e2taigner 18\u20ac\/Kg, 10\u20ac 500g, 6\u20ac 250g <\/li>\n<\/ul>\n\n\n\n<p><\/p>\n\n\n\n<p><\/p>\n\n\n\n<p>Retrouvez aussi nos autres miel sur les march\u00e9s  d&#8217;Aulnat, Pont du ch\u00e2teau, Riom quartier Ouest.<\/p>\n\n\n\n<p><\/p>\n\n\n\n<p><\/p>\n","protected":false},"excerpt":{"rendered":"<p>Bonjour voici nos derniers \u00abcrus\u00bb de MIEL D&#8217;AUVERGNE. Il est r\u00e9colt\u00e9 localement en 2025 naturel, non chauff\u00e9. N&#8217;h\u00e9sitez pas \u00e0 nous contacter pour venir d\u00e9guster Retrouvez aussi nos autres miel sur les march\u00e9s d&#8217;Aulnat, Pont du ch\u00e2teau, Riom quartier Ouest.<\/p>\n","protected":false},"author":1,"featured_media":243,"parent":0,"menu_order":0,"comment_status":"closed","ping_status":"closed","template":"","meta":{"footnotes":""},"class_list":["post-49","page","type-page","status-publish","has-post-thumbnail","hentry"],"aioseo_notices":[],"_links":{"self":[{"href":"https:\/\/les-ruches-de-la-limagne.ovh\/index.php?rest_route=\/wp\/v2\/pages\/49","targetHints":{"allow":["GET"]}}],"collection":[{"href":"https:\/\/les-ruches-de-la-limagne.ovh\/index.php?rest_route=\/wp\/v2\/pages"}],"about":[{"href":"https:\/\/les-ruches-de-la-limagne.ovh\/index.php?rest_route=\/wp\/v2\/types\/page"}],"author":[{"embeddable":true,"href":"https:\/\/les-ruches-de-la-limagne.ovh\/index.php?rest_route=\/wp\/v2\/users\/1"}],"replies":[{"embeddable":true,"href":"https:\/\/les-ruches-de-la-limagne.ovh\/index.php?rest_route=%2Fwp%2Fv2%2Fcomments&post=49"}],"version-history":[{"count":14,"href":"https:\/\/les-ruches-de-la-limagne.ovh\/index.php?rest_route=\/wp\/v2\/pages\/49\/revisions"}],"predecessor-version":[{"id":665,"href":"https:\/\/les-ruches-de-la-limagne.ovh\/index.php?rest_route=\/wp\/v2\/pages\/49\/revisions\/665"}],"wp:featuredmedia":[{"embeddable":true,"href":"https:\/\/les-ruches-de-la-limagne.ovh\/index.php?rest_route=\/wp\/v2\/media\/243"}],"wp:attachment":[{"href":"https:\/\/les-ruches-de-la-limagne.ovh\/index.php?rest_route=%2Fwp%2Fv2%2Fmedia&parent=49"}],"curies":[{"name":"wp","href":"https:\/\/api.w.org\/{rel}","templated":true}]}}

<p></p>



<figure class="wp-block-image size-full"><img loading="lazy" decoding="async" width="960" height="720" src="http://les-ruches-de-la-limagne.ovh/wp-content/uploads/2022/11/medailler.jpg" alt="" class="wp-image-399" srcset="https://les-ruches-de-la-limagne.ovh/wp-content/uploads/2022/11/medailler.jpg 960w, https://les-ruches-de-la-limagne.ovh/wp-content/uploads/2022/11/medailler-300x225.jpg 300w, https://les-ruches-de-la-limagne.ovh/wp-content/uploads/2022/11/medailler-768x576.jpg 768w, https://les-ruches-de-la-limagne.ovh/wp-content/uploads/2022/11/medailler-600x450.jpg 600w" sizes="auto, (max-width: 960px) 100vw, 960px" /></figure>



<p>Bonjour voici nos derniers «crus» de MIEL D&#8217;AUVERGNE.</p>



<p>Il est récolté localement en 2025 naturel, non chauffé.</p>



<p>N&#8217;hésitez pas à nous contacter pour venir déguster <img loading="lazy" decoding="async" alt="😊" src="https://static.xx.fbcdn.net/images/emoji.php/v9/t7f/1/16/1f60a.png" width="16" height="16"></p>



<ul class="wp-block-list">
<li>Tilleul (arrière goût mentholé) 17€/Kg, 9€ 500g, 5.5€ 250g</li>



<li>Acacia 2025(très doux) 17e/Kg, 9€ 500g, 5.5€ 250g</li>



<li>Montagne (très doux, tilleul, ronce, châtaigné)15€/Kg 8€ 500g, 5€ 250g</li>



<li>Montagne FOREZ(très doux, ronce, framboisier, fleurs de montagne )15€/Kg</li>



<li>Toutes fleurs d été (équilibré) 14€/Kg, 8€ 500g, 5€ 250g</li>



<li>Tournesol (sucré, agréable) 14€/Kg, 8€ 500g, 5€ 250g</li>



<li>Miel de plaine (Sauge d’Afghanistan, Perovskia) 14€/Kg, 8€ 500g, 5.5€ 250g </li>



<li>Miel Sapin du forez (Légèrement corsé ) 22€/Kg, 12€ 500g, 7€ 250g</li>



<li>Châtaigner 18€/Kg, 10€ 500g, 6€ 250g </li>
</ul>



<p></p>



<p></p>



<p>Retrouvez aussi nos autres miel sur les marchés  d&#8217;Aulnat, Pont du château, Riom quartier Ouest.</p>



<p></p>



<p></p>

<p>Bonjour voici nos derniers «crus» de MIEL D&#8217;AUVERGNE. Il est récolté localement en 2025 naturel, non chauffé. N&#8217;hésitez pas à nous contacter pour venir déguster Retrouvez aussi nos autres miel sur les marchés d&#8217;Aulnat, Pont du château, Riom quartier Ouest.</p>
