{"id":390,"date":"2022-08-04T11:05:36","date_gmt":"2022-08-04T09:05:36","guid":{"rendered":"http:\/\/les-ruches-de-la-limagne.ovh\/?post_type=product&#038;p=390"},"modified":"2024-02-06T19:45:20","modified_gmt":"2024-02-06T18:45:20","slug":"miel-de-printemps","status":"publish","type":"product","link":"https:\/\/les-ruches-de-la-limagne.ovh\/?product=miel-de-printemps","title":{"rendered":"Miel de Printemps"},"content":{"rendered":"","protected":false},"excerpt":{"rendered":"<p><strong>Miel De printemps.<\/strong><\/p>\n<p><em>R\u00e9colter\u00a0 en prairie sur Crevant Laveine .<\/em><\/p>\n<p>Zone sans agriculture intensive et tr\u00e8s pr\u00e9server .<\/p>\n<p><strong>Gout:\u00a0<\/strong><\/p>\n<p>Savoureux et fort en go\u00fbt, il est le m\u00e9lange naturel de Pissenlit, aub\u00e9pine et acacia .<\/p>\n<p>Intense mais d\u00e9licat, il exprime en bouche une gout unique. Il sera appr\u00e9ci\u00e9 par tous, y compris des tr\u00e8s jeunes enfants.<\/p>\n<p><strong>Apith\u00e9rapie:<\/strong><\/p>\n<p>Consid\u00e9r\u00e9 comme un r\u00e9gulateur intestinal.<\/p>\n","protected":false},"featured_media":14,"template":"","meta":[],"class_list":{"0":"post-390","1":"product","2":"type-product","3":"status-publish","4":"has-post-thumbnail","6":"product_cat-miel","8":"first","9":"instock","10":"shipping-taxable","11":"purchasable","12":"product-type-variable"},"aioseo_notices":[],"_links":{"self":[{"href":"https:\/\/les-ruches-de-la-limagne.ovh\/index.php?rest_route=\/wp\/v2\/product\/390","targetHints":{"allow":["GET"]}}],"collection":[{"href":"https:\/\/les-ruches-de-la-limagne.ovh\/index.php?rest_route=\/wp\/v2\/product"}],"about":[{"href":"https:\/\/les-ruches-de-la-limagne.ovh\/index.php?rest_route=\/wp\/v2\/types\/product"}],"wp:featuredmedia":[{"embeddable":true,"href":"https:\/\/les-ruches-de-la-limagne.ovh\/index.php?rest_route=\/wp\/v2\/media\/14"}],"wp:attachment":[{"href":"https:\/\/les-ruches-de-la-limagne.ovh\/index.php?rest_route=%2Fwp%2Fv2%2Fmedia&parent=390"}],"curies":[{"name":"wp","href":"https:\/\/api.w.org\/{rel}","templated":true}]}}

<p><strong>Miel De printemps.</strong></p>
<p><em>Récolter  en prairie sur Crevant Laveine .</em></p>
<p>Zone sans agriculture intensive et très préserver .</p>
<p><strong>Gout: </strong></p>
<p>Savoureux et fort en goût, il est le mélange naturel de Pissenlit, aubépine et acacia .</p>
<p>Intense mais délicat, il exprime en bouche une gout unique. Il sera apprécié par tous, y compris des très jeunes enfants.</p>
<p><strong>Apithérapie:</strong></p>
<p>Considéré comme un régulateur intestinal.</p>
