{"id":649,"date":"2025-09-07T18:31:24","date_gmt":"2025-09-07T16:31:24","guid":{"rendered":"https:\/\/les-ruches-de-la-limagne.ovh\/?post_type=product&#038;p=649"},"modified":"2025-09-07T18:40:29","modified_gmt":"2025-09-07T16:40:29","slug":"reine-vierge-buckfast","status":"publish","type":"product","link":"https:\/\/les-ruches-de-la-limagne.ovh\/?product=reine-vierge-buckfast","title":{"rendered":"Reine Vierge Buckfast"},"content":{"rendered":"<p>Les reines vierges sont \u00e9lev\u00e9es \u00e0 partir de souche (F0) Avec Pedigree .<\/p>\n<p>De avril a Septembre<\/p>\n","protected":false},"excerpt":{"rendered":"<p>Les reines vierges sont \u00e9lev\u00e9es \u00e0 partir de souche (F0) Avec Pedigree . De avril a Septembre<\/p>\n","protected":false},"featured_media":0,"template":"","meta":[],"class_list":{"0":"post-649","1":"product","2":"type-product","3":"status-publish","5":"product_cat-reines","7":"first","8":"instock","9":"sale","10":"shipping-taxable","11":"purchasable","12":"product-type-simple"},"aioseo_notices":[],"_links":{"self":[{"href":"https:\/\/les-ruches-de-la-limagne.ovh\/index.php?rest_route=\/wp\/v2\/product\/649","targetHints":{"allow":["GET"]}}],"collection":[{"href":"https:\/\/les-ruches-de-la-limagne.ovh\/index.php?rest_route=\/wp\/v2\/product"}],"about":[{"href":"https:\/\/les-ruches-de-la-limagne.ovh\/index.php?rest_route=\/wp\/v2\/types\/product"}],"wp:attachment":[{"href":"https:\/\/les-ruches-de-la-limagne.ovh\/index.php?rest_route=%2Fwp%2Fv2%2Fmedia&parent=649"}],"curies":[{"name":"wp","href":"https:\/\/api.w.org\/{rel}","templated":true}]}}