{"id":94,"date":"2020-10-07T18:15:12","date_gmt":"2020-10-07T16:15:12","guid":{"rendered":"http:\/\/les-ruches-de-la-limagne.ovh\/?post_type=product&#038;p=94"},"modified":"2024-07-02T07:23:18","modified_gmt":"2024-07-02T05:23:18","slug":"miel-de-pisenlit","status":"publish","type":"product","link":"https:\/\/les-ruches-de-la-limagne.ovh\/?product=miel-de-pisenlit","title":{"rendered":"Miel de Pisenlit"},"content":{"rendered":"<p>&nbsp;<\/p>\n<p><img loading=\"lazy\" decoding=\"async\" src=\"http:\/\/les-ruches-de-la-limagne.ovh\/wp-content\/uploads\/2020\/10\/defi-pissentits-abeille-73257-300x225.jpg\" alt=\"\" width=\"300\" height=\"225\" class=\"alignnone size-medium wp-image-488\" srcset=\"https:\/\/les-ruches-de-la-limagne.ovh\/wp-content\/uploads\/2020\/10\/defi-pissentits-abeille-73257-300x225.jpg 300w, https:\/\/les-ruches-de-la-limagne.ovh\/wp-content\/uploads\/2020\/10\/defi-pissentits-abeille-73257-1024x768.jpg 1024w, https:\/\/les-ruches-de-la-limagne.ovh\/wp-content\/uploads\/2020\/10\/defi-pissentits-abeille-73257-768x576.jpg 768w, https:\/\/les-ruches-de-la-limagne.ovh\/wp-content\/uploads\/2020\/10\/defi-pissentits-abeille-73257-1536x1152.jpg 1536w, https:\/\/les-ruches-de-la-limagne.ovh\/wp-content\/uploads\/2020\/10\/defi-pissentits-abeille-73257-2048x1536.jpg 2048w, https:\/\/les-ruches-de-la-limagne.ovh\/wp-content\/uploads\/2020\/10\/defi-pissentits-abeille-73257-600x450.jpg 600w\" sizes=\"auto, (max-width: 300px) 100vw, 300px\" \/><\/p>\n","protected":false},"excerpt":{"rendered":"<p><strong>Miel de Printemps, Pissenlits .<\/strong><\/p>\n<p><em>R\u00e9col\u00e9 en prairie sur Crevant Laveine .<\/em><\/p>\n<p>Zone sans agriculture intensive et tr\u00e8s pr\u00e9server .<\/p>\n<p>Il est caract\u00e9ris\u00e9 par une odeur ammoniacale caract\u00e9ristique dont il faut faire abstraction afin d\u2019appr\u00e9cier sa saveur agr\u00e9able et soutenue en bouche.<\/p>\n<p>Il cristallise rapidement et grossi\u00e8rement. De ce fait il doit \u00eatre r\u00e9colt\u00e9 et extrait rapidement<\/p>\n<p><strong>Apith\u00e9rapie:<\/strong><\/p>\n<p><em>C&#8217;est un miel aux bienfaits diur\u00e9tiques.\u00a0<\/em><\/p>\n","protected":false},"featured_media":14,"template":"","meta":[],"class_list":{"0":"post-94","1":"product","2":"type-product","3":"status-publish","4":"has-post-thumbnail","6":"product_cat-miel","8":"first","9":"outofstock","10":"shipping-taxable","11":"purchasable","12":"product-type-variable"},"aioseo_notices":[],"_links":{"self":[{"href":"https:\/\/les-ruches-de-la-limagne.ovh\/index.php?rest_route=\/wp\/v2\/product\/94","targetHints":{"allow":["GET"]}}],"collection":[{"href":"https:\/\/les-ruches-de-la-limagne.ovh\/index.php?rest_route=\/wp\/v2\/product"}],"about":[{"href":"https:\/\/les-ruches-de-la-limagne.ovh\/index.php?rest_route=\/wp\/v2\/types\/product"}],"wp:featuredmedia":[{"embeddable":true,"href":"https:\/\/les-ruches-de-la-limagne.ovh\/index.php?rest_route=\/wp\/v2\/media\/14"}],"wp:attachment":[{"href":"https:\/\/les-ruches-de-la-limagne.ovh\/index.php?rest_route=%2Fwp%2Fv2%2Fmedia&parent=94"}],"curies":[{"name":"wp","href":"https:\/\/api.w.org\/{rel}","templated":true}]}}

<p><strong>Miel de Printemps, Pissenlits .</strong></p>
<p><em>Récolé en prairie sur Crevant Laveine .</em></p>
<p>Zone sans agriculture intensive et très préserver .</p>
<p>Il est caractérisé par une odeur ammoniacale caractéristique dont il faut faire abstraction afin d’apprécier sa saveur agréable et soutenue en bouche.</p>
<p>Il cristallise rapidement et grossièrement. De ce fait il doit être récolté et extrait rapidement</p>
<p><strong>Apithérapie:</strong></p>
<p><em>C&#8217;est un miel aux bienfaits diurétiques. </em></p>
